de 2239?
False
Is 561078 a multiple of 471?
False
Is 123114 a multiple of 289?
True
Does 41 divide 165722?
True
Is 145 a factor of 592615?
True
Does 33 divide 333762?
True
Is 13 a factor of 292840?
False
Is 433 a factor of 2326509?
True
Does 18 divide 1304730?
True
Is 1576893 a multiple of 101?
False
Is 344 a factor of 343312?
True
Is 212674 even?
True
Does 235 divide 603684?
False
Is 1749360 a multiple of 10?
True
Is 1051665 a multiple of 42?
False
Is 15 a factor of 28425?
True
Does 14 divide 542707?
False
Is 198 a factor of 938520?
True
Does 7 divide 1898442?
True
Is 234970 a multiple of 85?
False
Is 29 a factor of 3927238?
True
Does 11 divide 354711?
False
Does 89 divide 62863?
False
Does 240 divide 2459040?
True
Is 7 a factor of 37324?
True
Does 28 divide 3226087?
False
Does 130 divide 1715871?
False
Is 14 a factor of 6834408?
True
Is 9352575 a multiple of 225?
True
Does 30 divide 4815154?
False
Is 70 a factor of 228533?
False
Is 1635 a multiple of 3?
True
Is 5775 a multiple of 3?
True
Is 181056 a multiple of 41?
True
Does 26 divide 5203068?
True
Does 96 divide 46928?
False
Is 351 a factor of 19686196?
False
Is 1485744 a multiple of 92?
False
Is 395154 a multiple of 36?
False
Is 43 a factor of 401889?
False
Is 16505 a multiple of 5?
True
Does 12 divide 1738545?
False
Is 322886 a multiple of 102?
False
Is 17 a factor of 101813?
True
Is 121928 a multiple of 5?
False
Is 384 a factor of 694127?
False
Is 200473 a multiple of 8?
False
Does 127 divide 290709?
False
Does 21 divide 268109?
False
Does 5 divide 680172?
False
Does 269 divide 135448?
False
Is 114 a factor of 239514?
True
Is 870264 a multiple of 68?
True
Is 331 a factor of 15104192?
True
Is 1852169 a multiple of 1033?
True
Is 722 a factor of 877230?
True
Is 863280 a multiple of 55?
True
Does 437 divide 76333?
False
Is 68 a factor of 476?
True
Is 193154 a multiple of 646?
True
Is 37 a factor of 233803?
True
Is 670 a factor of 1278059?
False
Is 37 a factor of 570964?
False
Is 323190 a multiple of 399?
True
Is 10 a factor of 27704?
False
Is 140 a factor of 11706212?
False
Is 16 a factor of 330706?
False
Is 18876834 a multiple of 153?
True
Is 195 a factor of 37870?
False
Is 257 a factor of 119195?
False
Is 240 a factor of 132798?
False
Is 56 a factor of 2695319?
False
Does 110 divide 36108?
False
Does 100 divide 1223500?
True
Is 6188 a multiple of 450?
False
Does 13 divide 2006056?
True
Is 11 a factor of 836122?
False
Is 24051 a multiple of 18?
False
Does 3 divide 2354445?
True
Does 24 divide 569232?
True
Is 130 a factor of 637006?
False
Is 24 a factor of 98640?
True
Is 8854 a multiple of 233?
True
Is 2 a factor of 14208?
True
Is 57 a factor of 293585?
False
Is 2 a factor of 7843?
False
Is 28534 a multiple of 160?
False
Is 2 a factor of 405507?
False
Is 20979 a multiple of 9?
True
Does 4 divide 663700?
True
Does 37 divide 127428?
True
Is 797 a factor of 27835?
False
Is 46 a factor of 7460280?
True
Is 1329035 a multiple of 487?
False
Does 17 divide 465730?
False
Is 4261260 a multiple of 186?
True
Is 271 a factor of 505880?
False
Is 3424635 a multiple of 15?
True
Does 31 divide 72950?
False
Does 23 divide 2583070?
False
Does 60 divide 22630?
False
Is 107028 a multiple of 108?
True
Does 93 divide 1623682?
False
Is 30 a factor of 1710?
True
Is 8986752 a multiple of 348?
True
Is 34 a factor of 671840?
True
Does 18 divide 721898?
False
Is 203694 a multiple of 73?
False
Is 91922 a multiple of 41?
True
Is 965730 a multiple of 6?
True
Is 22 a factor of 4493889?
False
Is 351120 a multiple of 88?
True
Is 293550 a multiple of 1450?
False
Does 50 divide 770871?
False
Does 18 divide 2631942?
True
Is 385530 a multiple of 142?
True
Is 622 a factor of 3783626?
True
Is 14 a factor of 202935?
False
Is 5 a factor of 215385?
True
Does 888 divide 1397712?
True
Is 92 a factor of 2667908?
True
Is 115 a factor of 13825?
False
Does 253 divide 2332660?
True
Is 835146 a multiple of 86?
True
Does 178 divide 280976?
False
Does 106 divide 4255264?
True
Is 1459566 a multiple of 474?
False
Does 384 divide 110553?
False
Is 48312 a multiple of 66?
True
Is 6 a factor of 2252561?
False
Is 8 a factor of 552432?
True
Is 2092761 a multiple of 9?
True
Is 228808 a multiple of 37?
True
Is 418 a factor of 543829?
False
Is 42 a factor of 22387?
False
Is 688440 a multiple of 5?
True
Is 68236 a multiple of 12?
False
Is 92 a factor of 65320?
True
Is 4 a factor of 599061?
False
Is 464 a factor of 1018145?
False
Is 205 a factor of 1746881?
False
Is 628320 a multiple of 96?
True
Does 220 divide 571560?
True
Does 1077 divide 653739?
True
Is 19163 a multiple of 73?
False
Is 28 a factor of 237887?
False
Is 3704922 a multiple of 142?
True
Is 241 a factor of 423196?
True
Is 91 a factor of 1795066?
True
Is 2 a factor of 66884?
True
Is 891225 a multiple of 45?
True
Is 277 a factor of 10229610?
True
Does 125 divide 7112017?
False
Is 377016 a multiple of 222?
False
Is 14237 a multiple of 23?
True
Does 114 divide 3789809?
False
Is 20 a factor of 426762?
False
Is 12 a factor of 196644?
True
Is 8 a factor of 1868935?
False
Is 1885355 a multiple of 6?
False
Is 1317680 a multiple of 52?
True
Is 554 a factor of 580060?
False
Is 121 a factor of 498984?
False
Is 7 a factor of 605116?
False
Is 8 a factor of 3109791?
False
Is 102 a factor of 179826?
True
Does 113 divide 3869572?
True
Does 60 divide 41868?
False
Is 883215 a multiple of 45?
True
Does 332 divide 8525096?
True
Does 3 divide 235095?
True
Is 625 a factor of 465625?
True
Is 467760 a multiple of 6?
True
Is 1395 a factor of 837499?
False
Does 47 divide 95380?
False
Is 325 a factor of 6746350?
True
Does 21 divide 1229831?
False
Does 5 divide 36590?
True
Is 22228090 a multiple of 11?
False
Is 5494351 a multiple of 420?
False
Is 24 a factor of 27126?
False
Is 2024253 a multiple of 7?
True
Is 348045 a multiple of 93?
False
Does 16 divide 5408711?
False
Is 234 a factor of 27251972?
False
Is 818686 a multiple of 22?
True
Does 1051 divide 1980223?
False
Is 32 a factor of 176457?
False
Does 161 divide 957950?
True
Is 16 a factor of 77257?
False
Is 158 a factor of 6636790?
True
Does 14 divide 3371816?
True
Is 7778 a multiple of 26?
False
Is 79 a factor of 322173?
False
Is 56343 a multiple of 12?
False
Does 87 divide 143866?
False
Is 94 a factor of 463968?
False
Is 192557 a multiple of 164?
False
Is 153340 a multiple of 164?
True
Is 868770 a multiple of 197?
True
Is 5702676 a multiple of 1218?
True
Is 9 a factor of 160155?
True
Is 2508403 a multiple of 137?
False
Is 129614 a multiple of 125?
False
Is 1235 a factor of 7638475?
True
Is 476 a factor of 1679289?
False
Is 106722 a multiple of 6?
True
Does 960 divide 4103040?
True
Does 18 divide 205966?
False
Is 623 a factor of 419070?
False
Is 29 a factor of 795035?
True
Is 154 a factor of 541625?
False
Is 966464 a multiple of 145?
False
Is 68835 a multiple of 1991?
False
Is 167284 a multiple of 13?
True
Is 29 a factor of 25610?
False
Is 234237 a multiple of 7?
False
Is 2025856 a multiple of 128?
True
Does 31 divide 1764?
False
Does 6 divide 3726493?
False
Is 287760 a multiple of 110?
True
Is 68 a factor of 57031?
False
Does 17 divide 180761?
True
Is 108596 a multiple of 9?
False
Is 118 a factor of 133576?
True
Is 79 a factor of 114234?
True
Is 14 a factor of 235872?
True
Is 27 a factor of 478064?
False
Is 275 a factor of 1488850?
True
Is 19087 a multiple of 7?
False
Is 6539442 a multiple of 1711?
True
Does 125 divide 72057?
False
Is 387 a factor of 3152502?
True
Does 31 divide 13144?
True
Is 41 a factor of 137978?
False
Is 215297 a multiple of 258?
False
Does 58 divide 24736?
False
Does 15 divide 663600?
True
Is 4 a factor of 49604?
True
Does 29 divide 603653?
False
Is 145 a factor of 3926455?
True
Does 98 divide 136485?
False
Does 44 divide 181076?
False
Does 8 divide 643851?
False
Is 248508 a multiple of 52?
True
Is 3 a factor of 59322?
True
Is 9141 a multiple of 6?
False
Is 834893 a multiple of 18?
False
Is 13 a factor of 18782570?
False
Is 50 a factor of 133112?
False
Is 100 a factor of 2782597?
False
Is 1243 a factor of 373161?
False
Is 4266504 a multiple of 132?
True
Is 12 a factor of 7708848?
True
Is 131379 a multiple of 50?
False
Is 13 a factor of 1567280?
True
Does 189 divide 95063?
False
Is 73 a factor of 104920?
False
Is 15474942 a multiple of 1662?